 the thousands digit of 639479?
9
What is the units digit of 1450810?
0
What is the hundreds digit of 773453?
4
What is the tens digit of 311779?
7
What is the hundreds digit of 565398?
3
What is the ten thousands digit of 8929565?
2
What is the thousands digit of 185984?
5
What is the tens digit of 12834427?
2
What is the tens digit of 1362450?
5
What is the hundreds digit of 7440706?
7
What is the hundred thousands digit of 923149?
9
What is the ten thousands digit of 4625188?
2
What is the hundreds digit of 353714?
7
What is the hundreds digit of 172520?
5
What is the tens digit of 86132?
3
What is the ten thousands digit of 76553?
7
What is the millions digit of 1054466?
1
What is the units digit of 385383?
3
What is the tens digit of 378202?
0
What is the hundreds digit of 222714?
7
What is the units digit of 350240?
0
What is the tens digit of 148572?
7
What is the tens digit of 1462009?
0
What is the thousands digit of 270842?
0
What is the ten thousands digit of 193008?
9
What is the hundreds digit of 149839?
8
What is the thousands digit of 114551?
4
What is the hundreds digit of 5510522?
5
What is the hundred thousands digit of 2827955?
8
What is the thousands digit of 10865136?
5
What is the hundreds digit of 72085?
0
What is the ten thousands digit of 699463?
9
What is the hundreds digit of 4554535?
5
What is the ten thousands digit of 922920?
2
What is the ten thousands digit of 221755?
2
What is the hundred thousands digit of 1416764?
4
What is the hundred thousands digit of 716045?
7
What is the millions digit of 4318119?
4
What is the hundred thousands digit of 817514?
8
What is the hundred thousands digit of 181436?
1
What is the thousands digit of 4310406?
0
What is the hundreds digit of 1827295?
2
What is the hundred thousands digit of 12597896?
5
What is the units digit of 3749481?
1
What is the ten thousands digit of 3799075?
9
What is the hundred thousands digit of 2465513?
4
What is the millions digit of 4499042?
4
What is the hundreds digit of 623865?
8
What is the ten thousands digit of 35038738?
3
What is the ten thousands digit of 199195?
9
What is the hundred thousands digit of 850429?
8
What is the tens digit of 220658?
5
What is the thousands digit of 3624019?
4
What is the units digit of 16982?
2
What is the units digit of 850983?
3
What is the ten thousands digit of 10188273?
8
What is the hundred thousands digit of 1581016?
5
What is the hundred thousands digit of 2896101?
8
What is the ten thousands digit of 327515?
2
What is the hundreds digit of 4761963?
9
What is the thousands digit of 10040746?
0
What is the ten thousands digit of 1413201?
1
What is the ten thousands digit of 998954?
9
What is the hundreds digit of 58991?
9
What is the ten thousands digit of 1688513?
8
What is the hundreds digit of 1117540?
5
What is the millions digit of 8776248?
8
What is the millions digit of 3418653?
3
What is the hundreds digit of 9139864?
8
What is the tens digit of 307111?
1
What is the thousands digit of 285855?
5
What is the thousands digit of 317480?
7
What is the millions digit of 1392835?
1
What is the ten thousands digit of 3707147?
0
What is the millions digit of 7361529?
7
What is the thousands digit of 796310?
6
What is the hundreds digit of 260903?
9
What is the tens digit of 713778?
7
What is the thousands digit of 4781102?
1
What is the tens digit of 5504203?
0
What is the hundreds digit of 140481?
4
What is the hundreds digit of 3877838?
8
What is the tens digit of 73?
7
What is the units digit of 3445242?
2
What is the ten thousands digit of 3674194?
7
What is the tens digit of 404371?
7
What is the units digit of 545820?
0
What is the hundred thousands digit of 1157306?
1
What is the millions digit of 3517238?
3
What is the tens digit of 1709206?
0
What is the thousands digit of 206808?
6
What is the hundred thousands digit of 234914?
2
What is the hundred thousands digit of 660196?
6
What is the ten thousands digit of 830497?
3
What is the thousands digit of 48500?
8
What is the hundreds digit of 91449?
4
What is the ten thousands digit of 912996?
1
What is the units digit of 201969?
9
What is the units digit of 102597?
7
What is the tens digit of 777732?
3
What is the ten thousands digit of 8162340?
6
What is the hundreds digit of 532907?
9
What is the tens digit of 2596720?
2
What is the ten thousands digit of 3159585?
5
What is the tens digit of 1977045?
4
What is the units digit of 432127?
7
What is the hundred thousands digit of 10807288?
8
What is the hundreds digit of 171458?
4
What is the tens digit of 80713?
1
What is the ten thousands digit of 1341408?
4
What is the hundred thousands digit of 3055996?
0
What is the hundred thousands digit of 4300351?
3
What is the tens digit of 262752?
5
What is the units digit of 296454?
4
What is the ten thousands digit of 461264?
6
What is the tens digit of 8736372?
7
What is the hundred thousands digit of 968076?
9
What is the hundred thousands digit of 582228?
5
What is the units digit of 10069365?
5
What is the tens digit of 880288?
8
What is the tens digit of 291668?
6
What is the ten thousands digit of 2806748?
0
What is the units digit of 356563?
3
What is the thousands digit of 161446?
1
What is the units digit of 7160229?
9
What is the hundred thousands digit of 1887108?
8
What is the millions digit of 3337235?
3
What is the hundreds digit of 5223657?
6
What is the thousands digit of 120536?
0
What is the thousands digit of 541789?
1
What is the ten thousands digit of 2792196?
9
What is the thousands digit of 2237068?
7
What is the hundreds digit of 13702437?
4
What is the units digit of 46055?
5
What is the units digit of 121302?
2
What is the hundreds digit of 388495?
4
What is the tens digit of 14309788?
8
What is the thousands digit of 1295649?
5
What is the tens digit of 2564391?
9
What is the thousands digit of 337824?
7
What is the hundreds digit of 99866?
8
What is the units digit of 11603472?
2
What is the tens digit of 124788?
8
What is the thousands digit of 390569?
0
What is the thousands digit of 1100124?
0
What is the millions digit of 1501875?
1
What is the units digit of 3290349?
9
What is the hundred thousands digit of 160068?
1
What is the tens digit of 4125485?
8
What is the units digit of 41835085?
5
What is the hundred thousands digit of 316748?
3
What is the hundred thousands digit of 1276717?
2
What is the ten thousands digit of 37598?
3
What is the hundreds digit of 1007644?
6
What is the tens digit of 748790?
9
What is the tens digit of 31664406?
0
What is the units digit of 135712?
2
What is the hundred thousands digit of 1166946?
1
What is the units digit of 3539527?
7
What is the thousands digit of 1129160?
9
What is the hundreds digit of 4070818?
8
What is the hundred thousands digit of 1255653?
2
What is the thousands digit of 5940901?
0
What is the thousands digit of 540039?
0
What is the tens digit of 511256?
5
What is the units digit of 2313383?
3
What is the millions digit of 7748181?
7
What is the units digit of 1251228?
8
What is the tens digit of 2355815?
1
What is the thousands digit of 403736?
3
What is the thousands digit of 15314741?
4
What is the hundred thousands digit of 110643?
1
What is the units digit of 211233?
3
What is the thousands digit of 211831?
1
What is the hundred thousands digit of 267295?
2
What is the tens digit of 6029849?
4
What is the tens digit of 18176554?
5
What is the hundred thousands digit of 1540547?
5
What is the units digit of 200966?
6
What is the units digit of 943128?
8
What is the thousands digit of 151674?
1
What is the thousands digit of 2358198?
8
What is the hundred thousands digit of 2650974?
6
What is the hundreds digit of 5449938?
9
What is the ten thousands digit of 309502?
0
What is the tens digit of 59575?
7
What is the hundreds digit of 514610?
6
What is the tens digit of 12386?
8
What is the tens digit of 459481?
8
What is the units digit of 580047?
7
What is the ten thousands digit of 340377?
4
What is the units digit of 402421?
1
What is the millions digit of 21191088?
1
What is the hundred thousands digit of 13849334?
8
What is the hundred thousands digit of 696593?
6
What is the hundred thousands digit of 362092?
3
What is the thousands digit of 18133